 + 562. What is the hundreds digit of i?
2
Let f = 54 - -36. Suppose w - f = -4*w. What is the tens digit of w?
1
Suppose n - 4*g = -5, -3*n + n - 4*g = -14. Suppose 37 = -3*r - n*a - 65, -a = 3*r + 110. What is the tens digit of (-2)/3*(r - -14)?
1
Suppose 11*w - 416 = 530. What is the units digit of w/4 + -3 + (-35)/(-10)?
2
Let f = 3335 - 1883. What is the thousands digit of f?
1
What is the hundreds digit of 738/8*7/((-42)/(-32))?
4
Let j = 273 + 479. What is the hundreds digit of j?
7
Let a(v) = -v + 4. Let d be a(5). What is the units digit of 1 + d*(-3 - -2)?
2
Let o = 41 + -60. Let v(z) = z**3 + 3*z**2 - 11*z - 4. Let c be v(-4). Let q = c - o. What is the units digit of q?
3
Let z be ((-14)/12)/((-5)/30). Let n = -406 - -685. Suppose -n - 92 = -z*m. What is the tens digit of m?
5
Let k(h) = h**3 - 2*h**2 + 2*h + 6. Let s be k(0). What is the units digit of 4/s + -6 + 280/21?
8
Let y be 8/(-14) - 380/(-28). Let m = 33 - y. Suppose -t - m = -63. What is the tens digit of t?
4
Suppose 3*v - 7*v - 16 = -2*c, 5*c - 4 = -2*v. Let d be (-1)/2*12/v. Suppose -y = -4*b + 112, d*b + 2*y + y = 42. What is the units digit of b?
7
Let t(b) = 10 - 45*b - 6 + 1. What is the units digit of t(-3)?
0
Let y(m) = -7*m + 29. Let a be y(4). What is the tens digit of (-48 - -2)/(14/18 - a)?
0
Let k = 238 - 217. What is the units digit of k?
1
What is the hundreds digit of ((-116)/3 + -2)*(-132)/8?
6
Let p = 8 - 12. Let g(c) = c + 4. Let x be g(p). Suppose x = y - 4*y, d = 3*y + 7. What is the units digit of d?
7
Let y(u) = -196*u - 8. Let n be y(-3). Suppose 0 = 4*k + 4*r - n, 0 = -5*k + 4*r + 424 + 256. What is the hundreds digit of k?
1
Let m(k) = 28*k**2 - 18*k + 27. What is the units digit of m(-10)?
7
Let l(m) = -89*m**3 - 2*m**2 - m - 1. What is the units digit of l(-2)?
5
Let p = -518 + 873. What is the units digit of p?
5
Let r(c) = 62*c + 1080. What is the units digit of r(48)?
6
What is the units digit of (3 - 87/12)*-100?
5
Let m = -220 - -330. What is the hundreds digit of m?
1
Suppose 36*s = 13*s + 22172. What is the units digit of s?
4
Let s be (2 + -1)/((-1)/134). Let i = -541 + 737. Let d = s + i. What is the tens digit of d?
6
What is the tens digit of (-16 - (-88)/8)*113/(-5)?
1
Suppose -265 - 147 = -3*q + 4*f, 5*q - 668 = 2*f. What is the tens digit of q?
3
Let a = 188 + -30. What is the hundreds digit of a?
1
Suppose 3*s = s - 24. What is the units digit of (-2)/4*(s - -8)?
2
Suppose 29*g - 92568 = -47*g. What is the tens digit of g?
1
Let u(f) = -2*f + 23. Let n be u(10). Suppose 0 = -n*z + 8 + 1. What is the units digit of z?
3
Let p = -33 + 9. Let k = p + 50. Suppose r - q + 2*q = k, 0 = r - q - 34. What is the tens digit of r?
3
Let v(r) = 33*r - 113. What is the units digit of v(8)?
1
Suppose -34*i + 99*i = 72280. What is the tens digit of i?
1
Let g(y) = y - 7. Let z be g(11). Suppose s + 5*c = 5, -s - c + 5 = -z*c. Suppose -6*v = -v - s. What is the units digit of v?
1
Let l be 1 - (3 + -3 + 0). Let c be -2 + (l - 2) - -1. Let s(y) = 5*y**2 - 2*y - 1. What is the tens digit of s(c)?
2
What is the units digit of 4770/10 - 10/2?
2
Let s = -23 + 26. Suppose 4*a = 4*k + 72, 3*a + k = -2*k + 42. Let q = s + a. What is the tens digit of q?
1
Let f = -204 + 120. Let z = f - -124. What is the tens digit of z?
4
Let l = 9229 - 5437. What is the tens digit of l?
9
Let x = -50 + 62. Suppose -17*a = -x*a - 75. What is the units digit of a?
5
What is the hundreds digit of ((-4)/(-3))/((-94)/(-24675))?
3
Suppose -163 = 3*r + 398. Let o = 263 + r. Suppose 0*s + 2*s = o. What is the units digit of s?
8
Let s(o) be the third derivative of -o**5/60 - 7*o**4/8 - 2*o**3/3 - 3*o**2. What is the hundreds digit of s(-12)?
1
Let y be (-4)/22 - -16*8/(-22). What is the tens digit of 32/(-48) + (-1288)/y?
1
Let g(l) = -7*l - 8. Let y be g(-4). Let m = y - 20. Suppose t + 83 = -k + 6*k, m = k + 5*t - 27. What is the tens digit of k?
1
Let v = 53 + -24. Let u = 89 - v. What is the units digit of u?
0
Let l(g) = -g**2 - 8*g + 107. What is the tens digit of l(-13)?
4
Suppose -50 = -2*v - 3*v. Suppose 0 = -v*c + 9*c + 324. What is the hundreds digit of c?
3
Suppose -6*l + 9*l - p = 4831, -5*l - p + 8041 = 0. What is the hundreds digit of l?
6
What is the units digit of (-52)/(-130) - 8946/(-10)?
5
Let i(z) = 24*z - 1. Let g be (0 - 2)*3/6. Let q(s) = -s. Let r(x) = g*i(x) - 2*q(x). What is the units digit of r(-1)?
3
Suppose -7*y = -11*y. Suppose 0 = -d + 3*h + 63, d - 4*d + 3*h + 165 = y. What is the tens digit of d?
5
Let w = 566 + -302. What is the tens digit of w?
6
Let v = 1497 + -1248. What is the hundreds digit of v?
2
Suppose 4*r - 7*r = 36. What is the units digit of ((-222)/(-4))/(r/(-16))?
4
Let s(k) = 4 - k + 5 + 3. Let m = 3 - -6. What is the units digit of s(m)?
3
Let s = 29 + -20. Suppose 15*d = 17*d - 12. Suppose d = -7*k + s*k. What is the units digit of k?
3
Let g(v) = v**2 + 3*v - 9. Let f be 30/18*(-54)/(-15). What is the units digit of g(f)?
5
Let j be (-16)/(-12)*3*14. Suppose -2*m + 270 = -c, -m + 4*c - j = -177. What is the hundreds digit of m?
1
Let h(u) = u**3 + 12*u**2 + 11*u + 12. Let v be h(-8). Let g = v - 97. What is the units digit of g?
3
Let m be 2*-2*(4 - 20). Suppose 3*s + m = -s. Let k = 38 - s. What is the tens digit of k?
5
Let y = 5 + -16. Let h = y + 10. What is the units digit of h*5/((-20)/24)?
6
Suppose 2*w = 7*w - 11300. What is the tens digit of w/25 + 4/(-10)?
9
Let h be (-56)/21*(-9)/2. Suppose 6*q + 0 - h = 0. Suppose q*f - f - a = 18, -4*a = -16. What is the tens digit of f?
2
Let v be (-2 + 2 - 3) + -20. Let c(n) = -2*n**2 - 53*n + 44. What is the hundreds digit of c(v)?
2
Let c be (6/5)/(18/675). Let b = 86 - c. What is the tens digit of b?
4
Let d(i) = i**3 - 6*i**2 + 6*i - 2. Let c be d(5). Suppose 1 + 8 = -c*u - 3*h, -3*u + 12 = -4*h. What is the units digit of (1 - -1) + u + -1?
1
Suppose 2 - 16 = 7*x. What is the tens digit of (-5 + 23*-25)/x?
9
Let q be (-56)/(-21)*(-246)/(-4). Suppose 3*k = -2 + q. What is the tens digit of k?
5
Suppose 20*l = -7*l + 2376. What is the tens digit of l?
8
Let n(q) = 6*q**2 + 1030. What is the hundreds digit of n(0)?
0
Let k(z) be the third derivative of -z**6/120 - z**5/5 + 2*z**3 - 4*z**2. Let r be k(-12). Suppose 0 = -5*p + 108 + r. What is the tens digit of p?
2
Let y be ((-1)/(-4))/(14/56). Let d(t) = 17*t**3 - t**2. What is the units digit of d(y)?
6
Let k be ((-22)/(-2))/(2/6). Suppose 0 = -k*w + 34*w - 104. What is the tens digit of w?
0
Let x(g) = 9*g**2 + 4. What is the hundreds digit of x(5)?
2
Let g = -967 + 4061. What is the units digit of g?
4
What is the hundreds digit of ((-7986)/9)/(8/(-12))?
3
Suppose 5*o - 5 = 0, -5*y - o + 2*o = 506. Let x = y + 58. Let s = -25 - x. What is the tens digit of s?
1
Let w(g) = -g**3 + 6*g**2 + g + 8. Let r = -14 + 12. Let m be 9/(2 - r/(-4)). What is the units digit of w(m)?
4
Let g be (12 + 0)*(-20)/(-12). Suppose 4*p = -4 + g, 4*p - 20 = -4*i. Let j = i + 8. What is the units digit of j?
9
Let u = -1554 - -2658. What is the tens digit of u?
0
Let a(s) = 421*s**2 + 20*s - 5. What is the hundreds digit of a(3)?
8
Let r(u) be the first derivative of -u**4/4 + 3*u**3 - 3*u**2 + 3*u + 20. What is the tens digit of r(7)?
5
What is the hundreds digit of 309/(-515) + -2*599/(-5)?
2
Let a = -1 + -5. What is the tens digit of ((-8)/(-5))/(a/(-60))?
1
What is the hundreds digit of 87210/(-675)*(-11 + 1)?
2
Suppose -5*k + 82 = 5*c - 8*c, -4*c - 30 = -k. Let h(i) = 6*i + 1. Let m be h(k). Suppose -2*q - 3*q = -m. What is the tens digit of q?
1
Suppose -k + 4*i + 973 = 0, -3*i = 5*k - 4*i - 4808. What is the hundreds digit of k?
9
Suppose 0*p + 45 = 3*p. Let f = p - -23. What is the units digit of f?
8
Suppose 0 = 2*h - 5 + 9. What is the units digit of (5 - 36)*(1 + h)?
1
Suppose 0*w = -2*w - 5*y - 7, 3*w + 5*y = -13. Let k(o) = o + 12 - 4 + 10 - 4. What is the units digit of k(w)?
8
Suppose -510 = -5*g - 0*g. Let p = -57 + g. What is the tens digit of p?
4
Suppose 0 = -2*r + r + 4*l + 15, 3 = -l. Suppose -r*n = -2*x + 14, 5*x + 4 = -0*n + n. Let s(g) = -6*g - 7. What is the units digit of s(n)?
9
Let u(c) = -c**3 - 9*c**2 + 9*c - 5. Let m be u(-10). Suppose m*r - 3*r = 176. What is the units digit of r?
8
Let i(d) = d**3 - 5*d**